337, -934 = -u + 5*c. What is the hundreds digit of u?
9
Suppose 28 = 3*a + a. Suppose a*d = 53 + 199. What is the units digit of d?
6
Let o = 77 - -655. What is the units digit of o?
2
Suppose 31 + 19 = -a. Let g = 52 + a. What is the units digit of g?
2
Let n = 0 + -1. Let d = n - -5. Suppose 0 = d*g - g - 12. What is the units digit of g?
4
Let y(i) = 2*i + 1. Let l(z) = 3*z + 1. Let d(n) = 5*l(n) - 8*y(n). Let k be d(-5). Suppose 2*v = 2*r + 94, -k*r + 141 = 4*v - 59. What is the units digit of v?
9
Let a(i) = -i**2 - 8*i + 11. Let l be a(-9). Suppose 10 = l*y, 22 = z + 3*y - y. What is the units digit of z?
2
Let n(y) = 5*y - 72 - y**2 + 74 + 11*y. What is the units digit of n(11)?
7
Let y be -4 + (-2)/4*-2. Let q be 5 + (y - -3 - 3). What is the tens digit of 1/(3/(q + 43))?
1
Suppose -4*d + 3*t = -d + 117, t = 3*d + 119. Suppose 4*j + 151 = -5*z, 3*j - 3 = -0*j. Let b = z - d. What is the units digit of b?
9
Suppose p = 4*a + 8, -5*p - 13 = a - 116. What is the units digit of (24/p)/((-6)/(-20))?
4
Let t(o) = -o - 5. Let z be t(8). Let n be 27/36 + z/(-4). Suppose n*q - 54 - 10 = 0. What is the tens digit of q?
1
Let b = -17 + 17. Let o(c) = c**3 + 2*c**2 + 21. Let a be o(b). What is the units digit of (-42)/(-9)*a/14?
7
Let x(r) = r**3 + 19*r**2 - r + 25. Suppose 9*a - 19 = 10*a. What is the units digit of x(a)?
4
Let v = -289 + 907. What is the hundreds digit of v?
6
Suppose 11 + 19 = 5*q. Suppose -5*x = 0, 0 = -y + 4*x - 5*x + q. What is the units digit of y?
6
Let g(q) = -q + 4. Let p be g(-1). Let d(i) = 13*i**2 - 7*i + 8. What is the units digit of d(p)?
8
Let v = 73 - 140. Let h = v - -216. What is the hundreds digit of h?
1
Let a(x) = 81*x**3 + 2*x**2 - 1. Let r be a(1). Let k be 6/(-21) + r/(-7). What is the tens digit of 2/(-8) + (-663)/k?
5
Suppose 3*p = 0, -n - 46*p = -44*p - 49. What is the units digit of n?
9
Let h(w) be the third derivative of w**6/120 - w**4/24 - 11*w**3/3 + 10*w**2. Let n be h(0). Let m = n - -40. What is the units digit of m?
8
What is the hundreds digit of (7/(-21))/(1/(-3588))?
1
Let r be (2 - 5) + (5 - -3). Suppose 4*w - 13 = -r. Suppose 2 = w*d, -3*v + 5*d + 0 - 2 = 0. What is the units digit of v?
1
Suppose -4 = -4*r + 8. Suppose -4 = r*u + 38. What is the tens digit of ((-7)/u)/(2/60)?
1
Let s(g) = 7*g + 52. Let d be s(-18). Let z = d + 172. What is the tens digit of z?
9
Suppose -4*o - 675 = -5071. What is the thousands digit of o?
1
Let i = -18 - -25. Let k(u) = 6*u - 4. What is the tens digit of k(i)?
3
Suppose -10 + 15 = p. Suppose -7*g = -p*r - 3*g + 394, 3*g + 81 = r. What is the tens digit of r?
7
Let y = -13 - -15. Suppose 0 = -7*a - y*a + 1260. What is the hundreds digit of a?
1
Suppose -j = -3*a + 46, 4*a - 15 = 2*j + 47. Suppose -162 = -a*y - 3*y. What is the units digit of y?
9
Let i(n) = -n**2 - 5*n + 4. Suppose 0 = 3*w - 5*b + 10, -b + 3 = -w - 1. Let t be i(w). Suppose q + t*q = 125. What is the tens digit of q?
2
Let g = -1020 + 3529. What is the units digit of g?
9
Suppose 2*y - y = 4*n - 804, -3*n - 5*y + 626 = 0. Let d = n - -24. What is the hundreds digit of d?
2
Let b = 433 - -128. What is the units digit of b?
1
What is the units digit of ((-38)/(-2))/((-25)/(-50))?
8
Let r(l) = -4*l - 1. Let p be r(5). Let k = p - -13. Let c = 38 + k. What is the tens digit of c?
3
Suppose 3*a = 5*a - 16. What is the units digit of ((-30)/a)/(1*(-1)/24)?
0
Let d(m) be the second derivative of -m**2 - 4*m + 5/12*m**4 + 0 - 5/6*m**3 + 1/20*m**5. What is the units digit of d(-5)?
3
Suppose 2*z = z. Suppose -a + 7 = -3*k, k + 3 = 2*a - 6. What is the units digit of (3 - z) + k - -13?
5
Let w = 659 - 296. What is the hundreds digit of w?
3
Suppose -19901 = -68*f + 49323. What is the thousands digit of f?
1
Suppose 9 = 5*k + n + n, 5*n + 15 = 0. Suppose 4*s - 3*d + 1 = 0, -k*d + 4*d - 5 = -s. What is the units digit of s?
2
Suppose -2 + 4 = z. Let p be (-2 - -3) + (z - 0). Suppose -3*s - p*d = -66, -s + 3*d + 0*d = -30. What is the tens digit of s?
2
Let f = 86 - 81. Suppose 5*w + f*p - 2130 + 390 = 0, 0 = 4*w - 4*p - 1384. What is the units digit of w?
7
Let i(q) be the second derivative of -25*q**3/6 - 5*q**2 + 3*q. Let a be i(3). Let v = a + 133. What is the units digit of v?
8
Let g(n) = 4*n**2 - 6*n - 16. What is the tens digit of g(5)?
5
Let q be (-11)/(-4)*1/1*8. Suppose 5*f - 160 = x, 144 - q = 4*f - 2*x. What is the tens digit of f?
3
Suppose -6 + 28 = j + o, -3*j + 78 = -o. Suppose 0 = 3*v - j - 131. What is the tens digit of v?
5
What is the tens digit of (-2)/(-12) - (6 + 7071/(-18))?
8
Let c(z) be the first derivative of -7*z**2/2 - z - 5. Let s(q) = -q**2 + 22*q + 3. Let v(o) = -7*c(o) - 2*s(o). What is the tens digit of v(-4)?
1
Suppose -3*w = -5*q + 44832, 0*q = -4*q + 2*w + 35864. What is the units digit of q/90 + (-4)/(-10)?
0
What is the tens digit of ((-20)/(-14))/((-6)/(-2226))?
3
Suppose -4701 = -26*w + 18023. What is the tens digit of w?
7
Let f be ((-2)/4)/(1/(-48)). Suppose -j + 5*j + f = 0. What is the tens digit of (64/12)/((-1)/j)?
3
Let w(u) = -22*u - 7. Let k be w(2). Let n(p) = -p**3 + 9*p**2 - 10*p + 5. Let h be n(9). Let y = k - h. What is the tens digit of y?
3
Suppose 5*a + 17 = 72. Suppose -12*s + 31 = -a*s. What is the tens digit of s?
3
Suppose -3*h + 8 + 4 = 0. Let g(q) = -4*q - 4 + 5*q + 2*q**2 + h*q - q**2. What is the tens digit of g(-7)?
1
Let r(z) be the first derivative of -3*z**2/2 + 16*z - 12. What is the units digit of r(-8)?
0
Let d = 2467 + -1672. What is the hundreds digit of d?
7
Let o be -1 - (12/(-3) - 1). Suppose -13*f + o = -11*f. Suppose 2*d = -f*t + 40, -5*d + 9*t + 150 = 4*t. What is the units digit of d?
5
Let o(l) be the second derivative of -l**5/20 + 3*l**4/4 - 2*l**3/3 - 2*l**2 + 33*l. Suppose 3*n - 17 - 7 = 0. What is the units digit of o(n)?
8
Suppose 3*f = 5*d - 744, -5*d + 3*d + 310 = 5*f. Suppose -10 = 3*l - 5*x - 131, d = 5*l + 2*x. What is the tens digit of l?
3
Let m = -12 + 18. What is the units digit of 2/m + (-870)/(-9)?
7
Suppose -3*c - 2699 = -4*o + 685, 0 = 2*o - 2*c - 1692. What is the units digit of o?
6
Suppose 0 = -4*s + 2*t + 20, 4*t + 0*t + 19 = s. Suppose s*j - 102 = -0*j. What is the units digit of j?
4
Suppose -3*h + l = 2, -l + 2 = -3*l. What is the tens digit of h - (-33 - 0/(-3))?
3
Suppose 0 = 2*x + 4*v - 0*v - 190, -v + 91 = x. Suppose -3*c + x = 3*h, 2*h - 22 + 114 = 4*c. What is the tens digit of c?
2
Suppose 7*z - 10 = 2*z. Suppose z*u - 356 = j, 3*u + 2*j - 366 = 175. What is the tens digit of u?
7
Let w(u) = u**2 + 12*u - 1. Let v be w(-9). Let x = 50 - v. What is the tens digit of x?
7
Let l be (-69)/(-3 + 45/16). Let q = -114 + l. What is the hundreds digit of q?
2
Suppose 6*s - 7054 = 7592. What is the thousands digit of s?
2
Let o = 19 + -22. What is the hundreds digit of (0 - -1 - (o + 2)) + 105?
1
Let b(d) = -2*d**3 + 29*d**2 - 18*d - 6. What is the hundreds digit of b(10)?
7
Let t = -50 - -59. Suppose -4*j + 4*d + 460 = 0, 6*j + d = t*j - 339. What is the tens digit of j?
1
Let r = -2 - -3. Suppose 33 = d + r. Suppose -3*f = l - 0*l - 40, -f + d = 5*l. What is the tens digit of f?
1
Suppose -5*z + 1 - 26 = 0. Let w(v) = -v**2 - 5*v + 3. Let k be w(z). Let p = 25 + k. What is the tens digit of p?
2
Let j = 487 - 227. What is the units digit of j?
0
Let k(s) = 7*s**2 - 66*s + 5. What is the hundreds digit of k(15)?
5
Let k be 14/(-7) - (-2 - 2). Suppose -3*w + s = -2*s - 9, 4*w = -k*s + 12. Let n(q) = q**3 + 2*q**2 - q - 4. What is the units digit of n(w)?
8
Let n be 4/6 + (-70)/(-21). Suppose -5*u - 90 = 5*g, 2*g + 20 = n*u - 2*u. Let s = -7 - g. What is the units digit of s?
7
Let b be 13/2 - (-2)/(-4). Let c = 7 - b. What is the tens digit of 6 - -14 - (c + 1)?
1
Suppose -5*s + 25 = m - 10*s, -m - 5*s - 15 = 0. Suppose -3*j - m*n + 251 = 0, -86 - 239 = -4*j + 3*n. What is the units digit of j?
2
Let h be 2440/427 + (-5)/7. Suppose 0 = -2*b - 6*c + 2*c + 12, -8 = -3*b + 4*c. Suppose -79 = -b*x + h. What is the units digit of x?
1
Suppose 24 = -3*l + 96. Suppose -112 = -4*n + l. Let d = 14 + n. What is the units digit of d?
8
Let z be (-18)/(-45) + (-132)/5. Let c = z - -23. What is the units digit of c*(-2)/(6 - 4)?
3
Let o(f) = -f + 6. Let g be (1/(-1))/((-4)/12). Let p be o(g). Suppose 2